e 11) to base 2.
-111011000
Convert -15e (base 16) to base 14.
-1b0
26217 (base 8) to base 11
8630
124 (base 7) to base 16
43
What is 11202110 (base 3) in base 7?
13053
What is -54255 (base 9) in base 16?
-8c5d
-89c3 (base 15) to base 5
-1413313
-6636 (base 10) to base 15
-1e76
What is 10000011110100 (base 2) in base 5?
232221
What is 475 (base 8) in base 10?
317
Convert -14962 (base 11) to base 13.
-97ca
220011 (base 3) to base 9
804
-1256 (base 7) to base 2
-111100010
-7805 (base 13) to base 4
-10011200
What is 329 (base 11) in base 10?
394
Convert 617 (base 15) to base 9.
1784
What is -726a (base 14) in base 3?
-1000000102
Convert -5668 (base 12) to base 5.
-301314
What is -5ab5 (base 12) in base 15?
-3062
What is 332 (base 10) in base 16?
14c
What is -3343 (base 5) in base 2?
-111011001
101010000 (base 2) to base 8
520
-37490 (base 10) to base 2
-1001001001110010
11404 (base 5) to base 16
356
Convert -500 (base 11) to base 2.
-1001011101
4b (base 15) to base 10
71
620 (base 13) to base 6
4452
Convert -10060 (base 7) to base 8.
-4613
What is 2bc (base 14) in base 8?
1056
Convert -237 (base 13) to base 10.
-384
-3a (base 15) to base 4
-313
-c42 (base 15) to base 9
-3708
Convert 10459 (base 11) to base 6.
154153
16a8 (base 16) to base 7
22624
What is 4 (base 8) in base 4?
10
Convert 6034 (base 10) to base 4.
1132102
Convert -22320 (base 4) to base 12.
-4a0
Convert -223 (base 6) to base 12.
-73
-21112111 (base 3) to base 6
-41234
-123 (base 6) to base 3
-1220
Convert -74084 (base 9) to base 15.
-e764
-40630 (base 7) to base 16
-26bf
Convert -17 (base 14) to base 15.
-16
1040220 (base 5) to base 10
18185
Convert -377 (base 11) to base 15.
-1ec
What is 2086 (base 15) in base 7?
26022
What is 31355 (base 8) in base 14?
4a73
Convert 113 (base 9) to base 2.
1011101
Convert -10110101101100 (base 2) to base 8.
-26554
Convert -416b (base 13) to base 15.
-2a31
13d (base 16) to base 4
10331
What is -625 (base 9) in base 14?
-285
What is 33143 (base 5) in base 11?
17aa
3322 (base 6) to base 10
770
d14e (base 16) to base 13
1b509
Convert 53379 (base 10) to base 14.
1564b
Convert bd3 (base 16) to base 11.
2302
What is -410221 (base 5) in base 9?
-20071
Convert 1110010011100 (base 2) to base 14.
2952
What is 135 (base 14) in base 4?
3303
11555 (base 9) to base 12
4595
-10000111011 (base 2) to base 8
-2073
-2e (base 15) to base 12
-38
Convert 110111010 (base 2) to base 4.
12322
What is 434212 (base 5) in base 15?
4657
Convert 10000111101 (base 2) to base 8.
2075
Convert 429 (base 13) to base 11.
597
1000222 (base 3) to base 9
1028
20443 (base 5) to base 9
1785
What is -2048 (base 9) in base 2?
-10111011110
-210212 (base 3) to base 6
-2422
What is 91bd (base 14) in base 6?
312003
What is 3647 (base 15) in base 7?
45436
What is -321 (base 12) in base 16?
-1c9
-102500 (base 9) to base 11
-41845
Convert -2011202112 (base 3) to base 11.
-2a202
What is 5b11 (base 12) in base 4?
2133331
Convert -110001011011010 (base 2) to base 5.
-1302211
14467 (base 8) to base 7
24551
Convert -4557 (base 10) to base 3.
-20020210
What is -2103 (base 13) in base 7?
-16212
Convert -b3b (base 16) to base 3.
-10221111
What is -10220 (base 3) in base 9?
-126
Convert 12063 (base 9) to base 4.
1332030
What is -223 (base 6) in base 3?
-10020
Convert -32120 (base 4) to base 5.
-12140
22313 (base 4) to base 15
315
-1012110 (base 3) to base 10
-876
What is -6866 (base 12) in base 2?
-10110101001110
What is 3334 (base 5) in base 12?
331
-73404 (base 8) to base 14
-b164
Convert -22602 (base 14) to base 8.
-243052
What is 34353 (base 6) in base 16?
131d
-101120202 (base 3) to base 4
-1320203
What is 243 (base 9) in base 14?
105
What is -20100122 (base 3) in base 6?
-33242
What is -7472 (base 15) in base 11?
-17563
What is -24424 (base 7) in base 3?
-22202121
What is 8c (base 13) in base 5?
431
What is -4449 (base 10) in base 5?
-120244
What is -11011 (base 2) in base 10?
-27
What is 20020 (base 3) in base 8?
250
What is -40286 (base 10) in base 7?
-225311
-50136 (base 8) to base 3
-1001020000
-13232 (base 4) to base 2
-111101110
173 (base 11) to base 13
126
What is -12003132 (base 4) in base 2?
-110000011011110
10202220 (base 3) to base 16
abf
What is 3aa3 (base 15) in base 10?
12528
What is -a631 (base 13) in base 3?
-1011120202
-4298 (base 11) to base 14
-20d3
Convert -163 (base 11) to base 9.
-231
What is -1010111000111 (base 2) in base 10?
-5575
Convert 202 (base 3) to base 5.
40
Convert -30001 (base 7) to base 16.
-1c24
Convert -101261 (base 8) to base 10.
-33457
What is 106d2 (base 16) in base 15?
14e07
What is 5bb (base 16) in base 12?
a23
What is 100103 (base 5) in base 2?
110001010001
Convert 1101101001110 (base 2) to base 4.
1231032
Convert 2084 (base 9) to base 7.
4321
Convert 1143324 (base 6) to base 2.
1110101111100100
What is -20030 (base 4) in base 16?
-20c
What is -8a7d (base 15) in base 3?
-1111021201
What is -121100 (base 3) in base 9?
-540
What is -3b66 (base 12) in base 8?
-15276
Convert 25d (base 16) to base 10.
605
1010121121 (base 3) to base 15
692d
-14524 (base 8) to base 11
-4965
Convert -23 (base 12) to base 6.
-43
What is 101220212 (base 3) in base 6?
100505
-3449 (base 10) to base 9
-4652
-286 (base 13) to base 7
-1210
Convert -13411 (base 5) to base 15.
-4db
Convert 3235 (base 10) to base 11.
2481
2002111220 (base 3) to base 6
514423
What is 125 (base 12) in base 11?
148
Convert 159 (base 13) to base 10.
243
What is 1425 (base 8) in base 4?
30111
What is 16200 (base 7) in base 11?
3473
Convert -4350 (base 7) to base 12.
-a96
Convert bb4c (base 14) to base 9.
48408
25501 (base 10) to base 15
7851
183b0 (base 12) to base 7
204255
Convert 681 (base 9) to base 6.
2331
-22063 (base 7) to base 10
-5533
What is -86c1 (base 15) in base 16?
-6f73
Convert 12871 (base 10) to base 5.
402441
What is -32306 (base 9) in base 8?
-51616
2772 (base 10) to base 2
101011010100
Convert 3135 (base 11) to base 2.
1000000111000
100310 (base 4) to base 7
3065
What is -7321 (base 10) in base 4?
-1302121
Convert 222 (base 3) to base 10.
26
-bbc (base 14) to base 15
-a4c
What is -18612 (base 9) in base 6?
-135402
801 (base 14) to base 6
11133
What is -41a (base 13) in base 12?
-4a3
What is 122010 (base 3) in base 15?
20c
What is 101011010 (base 2) in base 13?
208
2aa5 (base 14) to base 12
4489
Convert -1503 (base 13) to base 16.
-be5
Convert -31413 (base 8) to base 15.
-3d12
Convert 5253 (base 9) to base 7.
14145
Convert 111110111100010 (base 2) to base 13.
1188c
Convert -211551 (base 6) to base 7.
-101236
Convert -10183 (base 12) to base 15.
-6339
1234 (base 6) to base 13
1ab
What is -4135 (base 13) in base 3?
-110100101
2643 (base 12) to base 2
1000100010011
-3a1 (base 11) to base 4
-13122
-b24 (base 16) to base 4
-230210
Convert -63a (base 14) to base 3.
-1200111
What is 1eb0 (base 16) in base 2?
1111010110000
Convert -2001111 (base 5) to base 11.
-21661
What is -167 (base 13) in base 11?
-211
1020133 (base 5) to base 13
7915
What is 23c (base 13) in base 8?
605
What is -3291 (base 10) in base 15?
-e96
Convert -685 (base 13) to base 4.
-101203
857b (base 13) to base 4
10201123
19 (base 11) to base 12
18
Convert -41544 (base 7) to base 4.
-2133300
What is -2acc (base 15) in base 9?
-13543
Convert 220155 (base 6) to base 12.
a65b
What is 100110101010011 (base 2) in base 4?
10311103
What is -1c (base 16) in base 12?
-24
1d94 (base 14) to base 11
408a
What is 4d8 (base 15) in base 8?
2117
1021231 (base 5) to base 11
11905
What is -43110 (base 5) in base 12?
-1821
-300 (base 5) to base 14
-55
What is 1000000010 (base 2) in base 12?
36a
What is 4652 (base 8) in base 5?
34344
What is 2031 (base 5) in base 13?
176
Convert -15162 (base 8) to base 11.
-50a5
Convert 10021212220 (base 3) to base 12.
315b9
What is 1685 (base 16) in base 8?
13205
Convert 4296 (base 11) to base 7.
22351
Convert 17134 (base 9) to base 3.
121011011
Convert 2 (base 4) to base 5.
2
What is -101654 (base 7) in base 5?
-1024413
Convert -10100011 (base 2) to base 4.
-2203
Convert 2236 (base 10) to base 2.
100010111100
6c (base 13) to base 9
110
-5325 (base 7) to base 2
-11101011001
116 (base 8) to base 13
60
Convert -3902 (base 10) to base 11.
-2a28
What is 47c (base 16) in base 10?
1148
-406 (base 7) to base 5
-1302
Conver